se 0 = 3*c + 15, 2*v + c + f = 3*v. Suppose d = -2*d + v. What is the remainder when d is divided by 10?
8
Suppose 4*b = -11 + 91. Suppose b = -2*a - 2*a. What is the remainder when (-2)/3*150/a is divided by 11?
9
Suppose 8 = 2*b - 6. Let c(x) = -x**2 + 11*x + 10. Calculate the remainder when c(b) is divided by 13.
12
Suppose 0 = 9*l - 5*l - 132. Let o = 9 - -3. What is the remainder when l is divided by o?
9
Suppose -2*f + 20 = 2*a + 6, 2*a = 5*f - 7. Suppose 6*n - n = a*x + 91, 2*x = -8. What is the remainder when 58 is divided by n?
13
Let y = 75 - 0. What is the remainder when y is divided by 26?
23
Suppose 0*m = -3*m + 105. Calculate the remainder when m is divided by 12.
11
Let a = 54 - 31. Let h = -16 + 28. What is the remainder when a is divided by h?
11
Calculate the remainder when 40 is divided by 10/(160/12) - (-178)/8.
17
Let b(n) be the third derivative of -n**6/120 + n**5/20 - n**4/24 + n**3/3 + n**2. What is the remainder when (-9)/(0 + -1) - -2 is divided by b(2)?
3
Let y(x) = -10*x + x - 11 - 3*x - x**2 + 0*x. Calculate the remainder when y(-8) is divided by 11.
10
Let b(i) = i**3 - i**2 + i + 37. Let y be (-2)/2*0/(-1). What is the remainder when b(y) is divided by 19?
18
Let q(c) = -5*c - 5. Let r(z) = 11*z + 10. Let i(f) = -5*q(f) - 2*r(f). Calculate the remainder when 33 is divided by i(4).
16
Suppose 2*l + 117 = m - 44, -l + 3*m - 88 = 0. What is the remainder when 4/(-6)*-3 - l is divided by 28?
25
Suppose 0 = -5*s - 3*j + 23, s - 11 = -2*s + j. Suppose -3*u - s*g = -18, -2*u = -4*g - 10 - 2. What is the remainder when 29 is divided by u?
5
Let y = 59 + 14. What is the remainder when y is divided by 38?
35
Suppose -2*y + 259 = 5*l, -3*l - 41 = -3*y - 188. Calculate the remainder when l is divided by 18.
15
Let l(q) = q - 7. Let f be l(4). Let t be (-6)/f - 0/(-3). Let j = 7 - t. What is the remainder when 14 is divided by j?
4
Suppose 10 = 3*k - 26. What is the remainder when 23 is divided by k?
11
Let t(l) = -l**2 - 3*l. Let x be t(-4). Let r be (-2 + 8)/(2 + -1). Calculate the remainder when 47 is divided by (x/r)/((-2)/48).
15
Suppose 3*c + 108 + 80 = 2*b, 0 = 5*b - 2*c - 459. Calculate the remainder when b is divided by 16.
11
Suppose 4*r = 5*g - 37, g - 7*r = -2*r - 1. Calculate the remainder when 16 is divided by g.
7
Suppose 4 = m - 3. Let s = m - 1. Calculate the remainder when 17 is divided by s.
5
Suppose -3*b + b = -48. What is the remainder when 119 is divided by b?
23
Suppose 2*p - 49 - 5 = 0. What is the remainder when p is divided by 10?
7
What is the remainder when (-103)/(-6) + (-5)/30 is divided by 4?
1
Let k(r) = -3*r**3 + r + 1. Let d be k(-1). Suppose 0 = d*o - 6 - 33. Suppose n = -3*u - 8, 0*n - 4*n = -4*u - 48. What is the remainder when o is divided by n?
6
Let k(f) = f**2 - 9*f - 1. Let s be k(-7). Suppose 2*b - 4*c = -b + 111, 3*b + 2*c = s. Calculate the remainder when b is divided by 8.
5
Let w(l) = 3*l**2 + l + 42. Calculate the remainder when w(0) is divided by 9.
6
Suppose 0 = -3*w - 0*w - h - 88, 3*w + 98 = 4*h. Let z = 27 - w. What is the remainder when z is divided by 20?
17
Let r be (1 - 2) + (-1 - -7). Suppose r = 3*h + 2*h. Calculate the remainder when 5 is divided by (h/(-3))/((-5)/45).
2
Suppose q + 52 = 5*q. What is the remainder when 38 is divided by q?
12
Let s = 4 - -2. Suppose 0 = -r - r + s. Let q(v) = v**2. Calculate the remainder when r is divided by q(-1).
0
Let g be 4/(2/11*-1). Let m = -12 - g. What is the remainder when 38*2/(-10)*-5 is divided by m?
8
Let r = 6 + 5. Let c = 185 - 178. What is the remainder when r is divided by c?
4
Let f(l) = -2*l**3 - 4*l**2 - l - 4. Suppose 4*o - 3*o = -3. Calculate the remainder when f(o) is divided by (1/2)/((-2)/(-36)).
8
Suppose -2*s + 27 = -3*g + 84, 3*s - 72 = -3*g. Suppose g = 3*u - 2*u. Calculate the remainder when u is divided by 11.
10
Let l(i) = -i**3 + 9*i**2 - 7*i - 9. Let a be l(7). Suppose 3*d = 5*z - 138, 3*z + a = 5*z - 5*d. What is the remainder when z is divided by 2*-7*-1 + 2?
14
Suppose -10*t = -8*t - 146. Calculate the remainder when t is divided by 25.
23
Suppose -5*p + 0*p = -3*j - 26, j = -2. Suppose 2*g = -l + p, 5*g + 16 = 4*l + 3*g. Calculate the remainder when 10 is divided by l.
2
Let r = -5 + 9. Suppose -r*y - 9 = -21. What is the remainder when 7 is divided by y?
1
Let g(b) = -6*b - 18. Calculate the remainder when 59 is divided by g(-8).
29
Suppose 190 = 5*x + 2*i, 2*x + 2*i - 77 = i. Calculate the remainder when x is divided by 19.
17
Suppose 0*b - 4 = -b, -5*a - 2*b = -218. Suppose 3*z = 4*t + 45, 2*z - 4*t = -0*z + 34. Calculate the remainder when a*3/((-12)/(-2)) is divided by z.
10
Suppose -14 - 10 = -4*a. What is the remainder when 16 is divided by a?
4
Calculate the remainder when 18 is divided by (9/6)/(18/120).
8
Let r(i) be the second derivative of i**3/3 - i**2/2 - 2*i. What is the remainder when 26 is divided by r(5)?
8
Suppose 2*l - 4*p + 8 = 40, l + 2*p + 4 = 0. Suppose -l*m = -m - 205. What is the remainder when m is divided by 15?
11
Let q(t) = -2*t - 9. Let d be q(-10). Let r = d + -7. Let b(j) = 2*j + 1. Calculate the remainder when 17 is divided by b(r).
8
What is the remainder when 1/6 - (-177)/18 is divided by 7?
3
Let p = 70 + -48. What is the remainder when 86 is divided by p?
20
Let s be 1 + 1 - (9 + 2). Let f = s + 14. Suppose f*r + 31 = 6*r. Calculate the remainder when r is divided by 16.
15
Let n(v) = -v**3 - 6*v**2 - 7*v - 5. Let z(d) = -d**3 + 9*d**2 + d - 7. Suppose 10 - 46 = -4*c. Calculate the remainder when n(-5) is divided by z(c).
1
Suppose 3*c - 30 = 3. Let l = -2 + c. Calculate the remainder when 26 is divided by l.
8
Let f = 6 + -3. Suppose 0 = -5*j + f*i + 68, j - i = -0*j + 14. Calculate the remainder when 51 is divided by j.
12
Let g(q) = -q**3 - 10*q**2 - 9*q + 4. What is the remainder when 5 is divided by g(-9)?
1
Let v = 18 - 5. Calculate the remainder when 51 is divided by v.
12
Calculate the remainder when (134/1)/((7 - 6) + 1) is divided by 29.
9
Suppose 3*v - 18 = 3. Calculate the remainder when 40 is divided by v.
5
Let q be (-2 - 26)/(6/15). What is the remainder when -49*(-1 + 2)*-1 is divided by q/(-4) - 1/2?
15
What is the remainder when 94 is divided by 17/(-85) - (-121)/5?
22
Suppose 4*p - r - 11 = 0, -10 = -p - 2*r + 4. Suppose -2*y + 0*y = 32. Calculate the remainder when (-4)/(y/6 + 2) is divided by p.
2
Let r(d) be the first derivative of -d**3/3 - 7*d**2/2 - 3*d + 2. Calculate the remainder when r(-5) is divided by 2.
1
Let c = 12 - -6. What is the remainder when 11 is divided by (9/c)/(1/8)?
3
Let c(n) = -3*n - 3. Let o be c(-3). Let b = o + 8. Calculate the remainder when b is divided by 8.
6
Let d be (-2 - -17)/3*-1. Let o(i) = -i**2 - 8*i + 2. What is the remainder when 33 is divided by o(d)?
16
Let x = -5 + 1. Let h = x - -14. Calculate the remainder when 27 is divided by h.
7
Let h(z) = 15*z + 21. What is the remainder when 34 is divided by h(0)?
13
Let p(b) = 3*b + 9. Let n = 50 - -38. What is the remainder when n is divided by p(7)?
28
Let i(a) = -3*a**2 - 3*a - 2. Let s be i(-2). Let f = -4 - s. Suppose h + 2*o - 55 = -5, -f*h + 212 = 4*o. Calculate the remainder when h is divided by 19.
18
Let r = -15 + 21. What is the remainder when 77 is divided by 10*(0 - r/(-3))?
17
Let p(g) be the second derivative of 2*g**4/3 + g**3/2 + g**2 - g. Calculate the remainder when p(-2) is divided by 15.
13
Suppose -2*k = -3*k + 24. Suppose 0 = -5*l + 31 + k. What is the remainder when 30 is divided by l?
8
Let u = -178 + 550. Suppose u = -j + 5*j. Suppose i = 2*h - 61, 3*h + 3*i = 6*h - j. What is the remainder when h is divided by 16?
14
Let w(l) = l**3 - 2*l**2 + 2. Let y be 14/6 - 2/6. Let z(f) = f**3 - 7*f**2 + 13*f - 36. What is the remainder when z(6) is divided by w(y)?
0
Suppose 5*g - 123 = 2*g. Let o(d) = -d + 2. Let t be o(3). What is the remainder when g is divided by (1 + -2)*t*14?
13
Suppose 2*y + 6*o - o - 12 = 0, 5*o = 5*y - 65. What is the remainder when y is divided by 7?
4
Let t(j) = j**3 - 13*j**2 - 10*j + 5. Calculate the remainder when t(14) is divided by 32.
29
Suppose 0 = -0*r + r - 4. Suppose 0 = -r*n - 12 + 76. What is the remainder when n is divided by 9?
7
Suppose -10 = -4*w + 46. Calculate the remainder when w is d